37
Suppose -4 = -h + 1. Let c be (4/10)/((-2)/(-120)). Suppose -c = -h*p + 6. List the prime factors of p.
2, 3
Suppose 2*t + 725 = 5*q, -2*q = -3*t - 17 - 262. What are the prime factors of q?
3, 7
Suppose 16 = 2*c - 4*o - 10, 1 = -3*c - 4*o. Suppose 2*x = -5*w + 4, -10 = -c*x - 3*w - w. What are the prime factors of x?
2
Let n = 163 + -95. What are the prime factors of n?
2, 17
Let o be 4/3*-6 + 2. List the prime factors of o/14 + 171/7.
2, 3
Let b = 24 + -15. Let n = -4 + b. What are the prime factors of n?
5
Suppose 0*k = -2*k + 6. Suppose -p - k*p = -40. List the prime factors of p.
2, 5
Let i be (-4)/(-10) + (-585)/25. Let p = -41 - i. Let v = p - -33. List the prime factors of v.
3, 5
Let w(b) = 7*b - 3. Suppose 8 = 2*u, -h = -2*h - 3*u + 17. Suppose -h*l + l + 8 = 0. List the prime factors of w(l).
11
Suppose 0 = -8*z + 6*z - 5*l + 507, 5*l = -4*z + 999. List the prime factors of z.
2, 3, 41
Suppose 2*f - 54 = 3*f. Let z be (-62)/(-12) - (-9)/f. Suppose z = 4*o - 79. What are the prime factors of o?
3, 7
Let n = -10 - -20. Let y = 8 + n. List the prime factors of y.
2, 3
Let v(k) = -k**2 + k + 2. Let i be v(0). Suppose 3*y = 9, -17 = -i*j - 3*y + 18. List the prime factors of j.
13
Suppose d + 144 = -0*x + 2*x, 0 = -3*x + 2*d + 215. Suppose s = 4*w - 63, -3*s + w = -4*s - x. List the prime factors of s/(-4) - 2/(-8).
2, 3
Suppose 7*m - 20 = 3*m. Suppose -3*r = 5*y - r - 43, -m*y + 55 = 5*r. List the prime factors of y.
7
Let m(z) = z**3 + 3*z**2 - 10*z + 16. List the prime factors of m(4).
2, 11
Suppose 9*l - 5 = 4*l. Let a(s) = 16*s**2 - s + 1. List the prime factors of a(l).
2
Let n(g) = 13*g + 5. List the prime factors of n(2).
31
Suppose -4*j + i + 6 = 2*i, -4 = 2*j + 4*i. Suppose j*g - 7*g = -40. Let k = 8 + g. What are the prime factors of k?
2
Suppose 51*j - 56*j = 5. Suppose 0*w - 4*w = 0. List the prime factors of (w - j)*(2 + 5).
7
Let t = -4 + 6. Suppose 0 = t*l + 4*r - 13 - 11, 0 = 2*l - r - 4. Suppose -4*p = -5*s + l, 2*p - s = -2*s + 12. What are the prime factors of p?
2
What are the prime factors of 1/(8 - 6 - (-3)/(-2))?
2
Suppose 0 = -2*m - 2*m - 4*q - 72, 4*m - 4*q = -104. Let c = -54 + 85. Let p = c + m. List the prime factors of p.
3
Let y = -17 - -61. Let c = y + -30. List the prime factors of c.
2, 7
Suppose v = -0*v + 7. Let y = v + -4. What are the prime factors of y?
3
Suppose 56 = 3*s - 19. Let o = 50 - s. What are the prime factors of o?
5
Let a(p) = p**3 + 7*p**2 - 2*p + 8. Let y be a(-7). List the prime factors of ((-6)/(-6))/(2/y).
11
Suppose -n + 2*z = 4*z - 277, 0 = 5*n + 3*z - 1378. What are the prime factors of n?
5, 11
Suppose -61 = -s + 5*i, -5*s - 5*i + 245 = -0*i. What are the prime factors of s?
3, 17
Let c be (-4)/6 - 51/(-9). Suppose c*n - 8 = 4*n. What are the prime factors of n?
2
Suppose 0 = k - 5*k + 8. Suppose 0 = -4*n + 5*w - k, 0 = 2*w - 0 - 4. Suppose -1 = -n*o + p + 33, -2*p = -8. List the prime factors of o.
19
Let j be (-1)/1*(0 + 7). Let b = j + 26. List the prime factors of b.
19
Let z = 7 - -2. Let k = -5 + z. List the prime factors of k.
2
Let z = 5 - 7. Let f(c) = -c**3 + 13*c**2 - 4*c + 3. Let r(w) = -4*w**2 + w - 1. Let y(b) = 2*f(b) + 7*r(b). What are the prime factors of y(z)?
3
Suppose r - 72 = -3*r. Let g be (-3)/6*3*-2. Suppose 5*x + r = 4*j + 3*x, g*j + x - 6 = 0. What are the prime factors of j?
3
Let m(o) = -o**3 + 6*o**2 + o - 4. Let c be m(6). List the prime factors of (42/4 + -2)*c.
17
Let f(t) = -t. Let a be f(-4). Suppose -3*b - w - w + 76 = 0, 4*w = a*b - 108. What are the prime factors of b?
2, 13
Suppose -37 - 95 = -3*f + 5*x, -f + 30 = 3*x. Suppose 0 = n - 4*j - 22, -3*n + 0*j + 3*j = -f. What are the prime factors of n?
2, 5
Let h be -3 + 1 + (-15)/(-3). What are the prime factors of (1/h)/((-3)/(-36))?
2
Let d = -10 - -10. Let u = d - -8. What are the prime factors of u?
2
Let s(r) be the third derivative of -r**4/12 - 4*r**3/3 + 2*r**2. Let b = 10 + -16. List the prime factors of s(b).
2
Let t(c) = c**3 - 9*c**2 - 6*c - 12. Let y be t(10). Suppose -y = -l - 3*l. What are the prime factors of l?
7
Let z = 256 - -146. List the prime factors of z.
2, 3, 67
Let o(a) = 3*a**2 + 4*a. Let f be o(-3). Let s = f + 10. What are the prime factors of s?
5
Let d be (3 - 5) + 1*7. Let m(x) = 2*x - 3 - d + 4. What are the prime factors of m(3)?
2
Let o(u) = -u + 4. Let d be o(4). Suppose -7 = -b + p + 8, d = 3*b + 3*p - 75. What are the prime factors of b?
2, 5
Let w(s) = 2*s**2 + s - 1. List the prime factors of w(9).
2, 5, 17
Let x = -3 + 6. Let u(l) = l + 10 + 3*l**x - 6*l**3 - 3*l**3 + 7*l**3. List the prime factors of u(0).
2, 5
Let q(n) = 16*n - 5. What are the prime factors of q(3)?
43
Let v(k) = 5*k + 10. Let m(i) = 2*i + 5. Let j(z) = 7*m(z) - 3*v(z). List the prime factors of j(-9).
2, 7
Let x(s) be the second derivative of s**3/6 + 6*s**2 - 2*s. Let p be x(-6). Suppose p*m - m - 33 = -4*k, -4*m + 4*k = -12. What are the prime factors of m?
5
Let w(m) = -m**3 + 7*m**2 - 4*m - 6. Let d be w(5). List the prime factors of (1 + -2)/((-2)/d).
2, 3
Let l = -71 + 117. Suppose b + 2 = l. What are the prime factors of b?
2, 11
Suppose -q + 4*q + 117 = 2*i, 0 = i - 3*q - 57. Let b be (0 + -1)*24/(-8). Suppose -i = -b*l - l. List the prime factors of l.
3, 5
Let y(d) be the third derivative of d**5/60 + d**4/6 - 5*d**3/6 + 2*d**2. Let i be y(-5). Suppose i = 5*j - j - 28. What are the prime factors of j?
7
Let m(q) = -q**3 - 7*q**2 + 13*q + 3. Let n be m(-9). Let p = -3 + n. List the prime factors of p.
3, 5
Let p(m) = -m + 7. Suppose 5*z - 2 - 18 = 0. Suppose -2*j + 15 = j + z*g, 0 = -2*g. What are the prime factors of p(j)?
2
Let m = -15 + 95. List the prime factors of m.
2, 5
Let t = 322 + -91. List the prime factors of t.
3, 7, 11
Suppose -11*l + 684 + 108 = 0. List the prime factors of l.
2, 3
Let d be ((-6)/(-4))/(6/8). Suppose -8*c + 6*c = -54. Suppose -d*n + c = n. List the prime factors of n.
3
Let p(w) = w**3 - 7*w**2 + 5*w + 8. Let j be p(6). Suppose -5*x + 142 = 2*a, j*x + a + a - 58 = 0. What are the prime factors of x?
2, 7
Suppose -i + 24 = -0*i. What are the prime factors of i?
2, 3
Let y(l) = l**3 - 2*l**2 - 3*l + 4. Let a be y(3). Let g be 69/21 - a/14. Suppose 2*t + 2*b - 38 = -2*t, -3*b + 24 = g*t. What are the prime factors of t?
11
Let a(k) be the third derivative of k**6/60 + k**5/30 - k**4/24 + 2*k**2. Let y be a(1). Suppose -6*n + y*n = -30. What are the prime factors of n?
2, 5
Let n = 2 - 7. Let j = 3 + n. What are the prime factors of 10 - (2/1 + j)?
2, 5
Suppose 0 = -3*t - 2*t + 35. List the prime factors of t.
7
Let h(j) = j**3 + 8*j**2 - 7*j + 12. Let i be h(-9). List the prime factors of i/2 + (-68)/(-4).
2, 7
Let f(t) = -3*t + 7. List the prime factors of f(-6).
5
Let v(z) = 7*z - 2. Suppose c - 10 = -u - 3, 0 = 2*c - 4*u - 14. Suppose -2*p - 10 = -c*p. List the prime factors of v(p).
2, 3
Let c be ((-15)/(-4))/(-5)*-28. Suppose -z + c + 5 = 0. Let j = -16 + z. List the prime factors of j.
2, 5
Suppose 15 = -3*v, 6*x + 5*v - 955 = 2*x. List the prime factors of x.
5, 7
Let j = -25 + 22. List the prime factors of 2 + 32 + 4 + j.
5, 7
Let r be (-27)/9 - (-1 - 5). What are the prime factors of -1 + 6/r + 5?
2, 3
Suppose 0 = 4*p - 3*p - 34. List the prime factors of p.
2, 17
Suppose 0 = -2*o, -6*r - 10 = -4*r + o. Let n = r + -4. Let x = -2 - n. List the prime factors of x.
7
Let n = 454 - 210. What are the prime factors of n?
2, 61
Let i(q) = q**3 + 4*q**2 - q - 3. Let h be i(-4). Suppose 6*g - 76 = g + x, -h = x. List the prime factors of g.
3, 5
Let y(d) = -d**2 - 18*d + 6. List the prime factors of y(-10).
2, 43
Let k = -19 + 5. Let g = k - -20. List the prime factors of g.
2, 3
Let t be (32/20)/((-4)/(-10)). Suppose t*z + 4*k - 184 = 0, -2*z + 2*k = k - 98. What are the prime factors of z?
2, 3
What are the prime factors of (-3)/(-6) + (-604)/(-8)?
2, 19
What are the prime factors of (-2)/((-1)/10 + 0)?
2, 5
Let c = -178 + 112. Let s = -39 - c. What are the prime factors of s?
3
Let m = -10 + 12. Suppose m*f + 2*f - 128 = 0. List the prime factors of f.
2
Let b(m) be the third derivative of -5*m**4/24 + m**3/3 - 7*m**2. List the prime factors of b(-2).
2, 3
What are the prime factors of (-952)/(-70) + 6/(-10)?
13
Let h(r) = 10*r**3 - 